 13.
7b
Convert 9e (base 16) to base 12.
112
Convert 201 (base 11) to base 13.
159
Convert -3 (base 10) to base 13.
-3
-10 (base 12) to base 8
-14
-1 (base 4) to base 14
-1
What is 13 (base 6) in base 3?
100
26 (base 13) to base 5
112
What is -1121 (base 3) in base 4?
-223
-a (base 12) to base 7
-13
32 (base 9) to base 14
21
50 (base 11) to base 2
110111
41 (base 10) to base 8
51
Convert 3 (base 15) to base 8.
3
Convert 113 (base 6) to base 3.
1200
Convert -9 (base 10) to base 12.
-9
What is -3 (base 8) in base 12?
-3
What is -101 (base 2) in base 11?
-5
Convert 5 (base 12) to base 13.
5
-306 (base 7) to base 13
-ba
-27 (base 11) to base 10
-29
25 (base 13) to base 2
11111
What is 4 (base 15) in base 10?
4
a (base 15) to base 13
a
2d (base 15) to base 12
37
-9 (base 10) to base 4
-21
11 (base 3) to base 16
4
Convert -244 (base 6) to base 9.
-121
What is 1 (base 11) in base 15?
1
What is -2 (base 7) in base 10?
-2
Convert -ca (base 15) to base 10.
-190
-4 (base 15) to base 5
-4
-b (base 15) to base 4
-23
314 (base 5) to base 4
1110
What is 13 (base 7) in base 4?
22
What is -112 (base 4) in base 11?
-20
What is 22 (base 4) in base 16?
a
What is -e (base 16) in base 13?
-11
Convert -5 (base 10) to base 7.
-5
What is 5 (base 10) in base 12?
5
Convert 110 (base 3) to base 2.
1100
Convert -138 (base 10) to base 3.
-12010
What is -112 (base 5) in base 11?
-2a
Convert 1b6 (base 12) to base 3.
101110
What is 1 (base 11) in base 2?
1
What is 6 (base 7) in base 8?
6
What is 10010 (base 2) in base 15?
13
Convert 13 (base 7) to base 9.
11
Convert 42 (base 15) to base 5.
222
Convert -2 (base 5) to base 3.
-2
Convert -160 (base 10) to base 14.
-b6
What is 1 (base 11) in base 7?
1
What is 95 (base 13) in base 11?
101
Convert -2200 (base 3) to base 13.
-57
Convert 133 (base 4) to base 12.
27
What is -313 (base 5) in base 12?
-6b
What is -78 (base 10) in base 4?
-1032
Convert -2 (base 10) to base 6.
-2
What is 0 (base 11) in base 14?
0
Convert -31 (base 11) to base 12.
-2a
6 (base 16) to base 11
6
Convert -34 (base 10) to base 5.
-114
Convert 35 (base 7) to base 14.
1c
Convert 0 (base 9) to base 7.
0
What is 21 (base 3) in base 16?
7
Convert -11000000 (base 2) to base 10.
-192
What is -12 (base 8) in base 7?
-13
Convert 102 (base 4) to base 6.
30
Convert 2 (base 8) to base 5.
2
Convert 0 (base 9) to base 7.
0
Convert -30 (base 4) to base 13.
-c
Convert -8 (base 14) to base 10.
-8
2 (base 8) to base 6
2
Convert 12 (base 5) to base 15.
7
Convert 3 (base 15) to base 11.
3
Convert 3 (base 13) to base 8.
3
Convert 26 (base 9) to base 3.
220
What is -1 (base 12) in base 14?
-1
-c (base 13) to base 8
-14
What is 133 (base 5) in base 14?
31
What is 6 (base 10) in base 11?
6
What is -143 (base 6) in base 7?
-120
3 (base 6) to base 3
10
What is 132 (base 4) in base 8?
36
What is -1111 (base 2) in base 4?
-33
-1 (base 2) to base 5
-1
27 (base 12) to base 8
37
7 (base 12) to base 5
12
Convert 10 (base 15) to base 8.
17
d4 (base 15) to base 3
21101
Convert 5 (base 11) to base 14.
5
Convert 410 (base 8) to base 7.
525
What is 12 (base 3) in base 8?
5
What is 92 (base 11) in base 7?
203
What is 2 (base 15) in base 11?
2
What is -24 (base 16) in base 15?
-26
-1ac (base 15) to base 12
-283
Convert -30 (base 15) to base 7.
-63
What is 16 (base 8) in base 7?
20
Convert -11 (base 4) to base 10.
-5
What is d (base 15) in base 14?
d
-20 (base 3) to base 14
-6
0 (base 15) to base 4
0
Convert 3 (base 4) to base 8.
3
Convert 102 (base 5) to base 8.
33
What is 7 (base 16) in base 8?
7
What is 54 (base 9) in base 14?
37
13 (base 5) to base 13
8
-14 (base 12) to base 9
-17
What is -60 (base 12) in base 10?
-72
What is 11 (base 2) in base 10?
3
What is 1 (base 10) in base 4?
1
-4 (base 15) to base 7
-4
What is 37 (base 9) in base 11?
31
What is 3c (base 15) in base 14?
41
Convert 20 (base 14) to base 3.
1001
-100122 (base 3) to base 6
-1112
Convert 1 (base 13) to base 10.
1
-72 (base 11) to base 4
-1033
-34 (base 8) to base 7
-40
What is -3 (base 9) in base 12?
-3
-3 (base 10) to base 8
-3
Convert -201 (base 8) to base 7.
-243
Convert 45 (base 6) to base 5.
104
What is 10001 (base 2) in base 8?
21
Convert 1101000 (base 2) to base 14.
76
Convert 11 (base 16) to base 4.
101
Convert 3 (base 4) to base 15.
3
Convert -100 (base 3) to base 13.
-9
Convert 4 (base 10) to base 14.
4
3 (base 15) to base 11
3
-1111000 (base 2) to base 7
-231
Convert -5 (base 16) to base 11.
-5
What is -5 (base 6) in base 15?
-5
4 (base 15) to base 13
4
What is -1 (base 11) in base 9?
-1
25 (base 12) to base 5
104
-88 (base 9) to base 4
-1100
What is -9d (base 16) in base 8?
-235
Convert 412 (base 6) to base 12.
108
-4 (base 16) to base 2
-100
What is -13 (base 7) in base 2?
-1010
Convert -2211 (base 4) to base 12.
-119
-416 (base 9) to base 10
-339
What is 2 (base 13) in base 2?
10
Convert 5 (base 15) to base 10.
5
Convert 2 (base 6) to base 9.
2
1 (base 8) to base 15
1
What is 45 (base 16) in base 2?
1000101
Convert 14 (base 8) to base 14.
c
What is -62 (base 9) in base 15?
-3b
7 (base 14) to base 2
111
-1 (base 8) to base 14
-1
What is 124 (base 8) in base 5?
314
Convert -22212 (base 3) to base 8.
-357
Convert -15 (base 12) to base 11.
-16
Convert -23 (base 4) to base 8.
-13
b (base 12) to base 15
b
-146 (base 12) to base 5
-1243
-1022 (base 4) to base 10
-74
-1 (base 3) to base 5
-1
What is 25 (base 14) in base 3?
1020
What is -1 (base 15) in base 2?
-1
Convert 1 (base 8) to base 10.
1
Convert -33 (base 5) to base 3.
-200
Convert -84 (base 11) to base 14.
-68
Convert 6 (base 15) to base 7.
6
What is 2 (base 7) in base 13?
2
What is 3a (base 15) in base 9?
61
Convert 0 (base 3) to base 6.
0
What is -167 (base 10) in base 13?
-cb
What is 2 (base 11) in base 14?
2
-112 (base 4) to base 6
-34
Convert -105 (base 6) to base 7.
-56
Convert 5 (base 6) to base 11.
5
1101110 (base 2) to base 12
92
-3 (base 14) to base 8
-3
100 (base 2) to base 15
4
110001 (base 2) to base 6
121
What is -9 (base 14) in base 13?
-9
d (base 16) to base 11
12
What is 76 (base 9) in base 14?
4d
What is 48 (base 9) in base 11?
40
11 (base 11) to base 4
30
What is 11 (base 4) in base 16?
5
Convert -2 (base 3) to base 5.
-2
-b (base 15) to base 8
-13
-4 (base 5) to base 9
-4
What is 0 (base 13) in base 14?
0
Convert -20 (base 4) to base 2.
-1000
What is -2131 (base 5) in base 10?
-291
What is -188 (base 9) in base 4?
-2201
What is -10 (base 4) in base 3?
-11
-3 (base 9) to base 14
-3
Convert 1110 (base 2) to base 11.
13
Convert -80 (base 13) to base 4.
-1220
Convert 0 (base 11) to base 6.
0
Convert 1 (base 15) to base 14.
1
What is -54 (base 11) in base 13?
-47
What is 3 (base 11) in base 5?
3
Convert -1 (base 6) to base 2.
-1
What is 11 (base 2) in base 5?
3
-72 (base 9) to base 15
-45
Convert -12 (base 5) to base 8.
-7
What is 3 (base 7) in base 9?
3
What is -110 (base 2) in base 11?
-6
7 (base 10) to base 6
11
4 (base 10) to base 3
11
Convert 20 (base 6) to base 16.
c
Convert 2 (base 15) to base 5.
2
5 (base 9) to base 15
5
102 (base 3) to base 12
b
-21 (base 4) to base 7
-12
-11 (base 11) to base 10
-12
-1 (base 16) to base 5
-1
7 (base 12) to base 11
7
What is 101100 (base 2) in base 15?
2e
What is -50 (base 7) in base 14?
-27
Convert 3 (base 4) to base 3.
10
Convert -2 (base 8) to base 10.
-2
What is 16 (base 9) in base 15?
10
2020 (base 3) to base 4
330
Convert -3b (base 13) to base 14.
-38
48 (base 14) to base 13
4c
Convert -19 (base 14) to base 6.
-35
What is -2122 (base 3) in base 5?
-241
-10 (base 11) to base 5
-21
46 (base 8) to base 9
42
111 (base 3) to base 12
11
-13 (base 12) to base 5
-30
Convert 8 (base 11) to base 13.
8
21120 (base 3) to base 8
314
Convert -17 (base 8) to base 10.
-15
What is -32 (base 8) in base 6?
-42
Convert 1 (base 3) to base 11.
1
Convert -2 (base 9) to base 6.
-2
Convert -32 (base 7) to base 6.
-35
What is 11 (base 2) in base 4?
3
Convert -11 (base 6) to base 12.
-7
332 (base 4) to base 11
57
Convert -11 (base 5) to base 3.
-20
What is -5 (base 9) in base 4?
-11
What is 100110 (base 2) in base 5?
123
4 (base 13) to base 10
4
137 (base 11) to base 12
115
-110100 (base 2) to base 11
-48
Convert -1 (base 11) to base 15.
-1
0 (base 5) to base 14
0
-3 (base 10) to base 7
-3
0 (base 15) to base 7
0
What is 3 